{"id":3,"date":"2020-10-23T14:45:42","date_gmt":"2020-10-23T12:45:42","guid":{"rendered":"http:\/\/www.graciededieuavocats.com\/?page_id=3"},"modified":"2020-10-29T17:50:29","modified_gmt":"2020-10-29T16:50:29","slug":"politique-de-confidentialite","status":"publish","type":"page","link":"https:\/\/www.graciededieuavocats.com\/?page_id=3","title":{"rendered":"Politique de confidentialit\u00e9"},"content":{"rendered":"\n<h2 class=\"has-large-font-size wp-block-heading\">POLITIQUE DE CONFIDENTIALITE<\/h2>\n\n\n\n<div style=\"height:20px\" aria-hidden=\"true\" class=\"wp-block-spacer\"><\/div>\n\n\n\n<p>Le Cabinet d\u2019Avocats GRACIE-DEDIEU s\u2019engage \u00e0 respecter vos donn\u00e9es personnelles collect\u00e9es via notre formulaire de contact et les commentaires que vous nous laissez.<\/p>\n\n\n\n<h2 class=\"wp-block-heading\" style=\"font-size:30px\">Utilisation des donn\u00e9es personnelles collect\u00e9es<\/h2>\n\n\n\n<h3 class=\"wp-block-heading\">Commentaires<\/h3>\n\n\n\n<p>Lorsque vous laissez un commentaire sur notre site internet, nous collectons les donn\u00e9es inscrites dans le formulaire de commentaire, mais aussi votre adresse IP et l\u2019agent utilisateur de votre navigateur, afin de nous aider \u00e0 d\u00e9tecter des commentaires ind\u00e9sirables.<\/p>\n\n\n\n<h3 class=\"wp-block-heading\">Formulaires de contact<\/h3>\n\n\n\n<p>Pour toute question relative \u00e0 la Politique de Confidentialit\u00e9 de notre site Web, n\u2019h\u00e9sitez pas \u00e0 nous contacter, via le formulaire de contact disponible&nbsp;<strong>ici<\/strong>.<\/p>\n\n\n\n<h3 class=\"wp-block-heading\">Cookies<\/h3>\n\n\n\n<p>Lorsque vous d\u00e9posez un commentaire sur notre site, nous vous proposons d\u2019enregistrer votre nom, adresse de messagerie et site web dans des cookies. Cela afin de ne pas avoir \u00e0 saisir \u00e0 nouveau ces informations lors d\u2019une prochaine connexion. Pour information, ces cookies expirent au bout d\u2019un an.<\/p>\n\n\n\n<p>Lorsque vous vous rendez sur la page de connexion, nous cr\u00e9ons un cookie temporaire afin de d\u00e9terminer si votre navigateur accepte les cookies. Il ne contient pas de donn\u00e9es personnelles et est supprim\u00e9 automatiquement \u00e0 la fermeture de votre navigateur.<\/p>\n\n\n\n<p>La dur\u00e9e de vie d\u2019un cookie de connexion est de deux jours, celle d\u2019un cookie d\u2019option d\u2019\u00e9cran est d\u2019un an. Quand vous cochez \u00ab Se souvenir de moi \u00bb, votre cookie de connexion est conserv\u00e9 pendant deux semaines. Quand vous vous d\u00e9connectez de votre compte, le cookie de connexion sera effac\u00e9.<\/p>\n\n\n\n<h3 class=\"wp-block-heading\" style=\"font-size:30px\">Contenu embarqu\u00e9 depuis d\u2019autres sites<\/h3>\n\n\n\n<p>Les articles de ce site peuvent inclure des contenus int\u00e9gr\u00e9s (vid\u00e9os, images, articles\u2026). Le contenu int\u00e9gr\u00e9 depuis d\u2019autres sites se comporte de la m\u00eame mani\u00e8re que si le visiteur se rendait sur cet autre site.<\/p>\n\n\n\n<p>Ces sites web peuvent collecter des donn\u00e9es sur vous, utiliser des cookies, embarquer des outils de suivis tiers, suivre vos interactions avec ces contenus embarqu\u00e9s si vous disposez d\u2019un compte connect\u00e9 sur leur site web.<\/p>\n\n\n\n<h2 class=\"wp-block-heading\" style=\"font-size:30px\">Dur\u00e9es de stockage de vos donn\u00e9es<\/h2>\n\n\n\n<p>Lorsque vous nous laissez un commentaire, le commentaire et ses m\u00e9tadonn\u00e9es sont conserv\u00e9s ind\u00e9finiment. Cela afin de reconna\u00eetre et approuver automatiquement vos commentaires suivants.<\/p>\n\n\n\n<h2 class=\"wp-block-heading\" style=\"font-size:30px\">Les droits que vous avez sur vos donn\u00e9es<\/h2>\n\n\n\n<p>Si vous nous avez laiss\u00e9 des commentaires sur le site, vous pouvez demander \u00e0 recevoir un fichier contenant toutes les donn\u00e9es personnelles que nous poss\u00e9dons \u00e0 votre sujet, incluant celles que vous nous avez fournies. Vous pouvez \u00e9galement demander la suppression des donn\u00e9es personnelles vous concernant. Cela ne prend pas en compte les donn\u00e9es stock\u00e9es \u00e0 des fins administratives, l\u00e9gales ou pour des raisons de s\u00e9curit\u00e9.<\/p>\n","protected":false},"excerpt":{"rendered":"<p>POLITIQUE DE CONFIDENTIALITE Le Cabinet d\u2019Avocats GRACIE-DEDIEU s\u2019engage \u00e0 respecter vos donn\u00e9es personnelles collect\u00e9es via notre formulaire de contact et les commentaires que vous nous laissez. Utilisation des donn\u00e9es personnelles collect\u00e9es Commentaires Lorsque vous laissez un commentaire sur notre site internet, nous collectons les donn\u00e9es inscrites dans le formulaire de commentaire, mais aussi votre adresse&hellip; <br \/> <a class=\"read-more\" href=\"https:\/\/www.graciededieuavocats.com\/?page_id=3\">Lire la suite<\/a><\/p>\n","protected":false},"author":1,"featured_media":0,"parent":0,"menu_order":0,"comment_status":"closed","ping_status":"open","template":"","meta":{"footnotes":""},"class_list":["post-3","page","type-page","status-publish","hentry"],"yoast_head":"<!-- This site is optimized with the Yoast SEO plugin v25.5 - https:\/\/yoast.com\/wordpress\/plugins\/seo\/ -->\n<title>Politique de confidentialit\u00e9 - Arcavocats Cabinet Graci\u00e9-Dedieu<\/title>\n<meta name=\"robots\" content=\"index, follow, max-snippet:-1, max-image-preview:large, max-video-preview:-1\" \/>\n<link rel=\"canonical\" href=\"https:\/\/www.graciededieuavocats.com\/?page_id=3\" \/>\n<meta property=\"og:locale\" content=\"fr_FR\" \/>\n<meta property=\"og:type\" content=\"article\" \/>\n<meta property=\"og:title\" content=\"Politique de confidentialit\u00e9 - Arcavocats Cabinet Graci\u00e9-Dedieu\" \/>\n<meta property=\"og:description\" content=\"POLITIQUE DE CONFIDENTIALITE Le Cabinet d\u2019Avocats GRACIE-DEDIEU s\u2019engage \u00e0 respecter vos donn\u00e9es personnelles collect\u00e9es via notre formulaire de contact et les commentaires que vous nous laissez. Utilisation des donn\u00e9es personnelles collect\u00e9es Commentaires Lorsque vous laissez un commentaire sur notre site internet, nous collectons les donn\u00e9es inscrites dans le formulaire de commentaire, mais aussi votre adresse&hellip; Lire la suite\" \/>\n<meta property=\"og:url\" content=\"https:\/\/www.graciededieuavocats.com\/?page_id=3\" \/>\n<meta property=\"og:site_name\" content=\"Arcavocats Cabinet Graci\u00e9-Dedieu\" \/>\n<meta property=\"article:modified_time\" content=\"2020-10-29T16:50:29+00:00\" \/>\n<meta name=\"twitter:card\" content=\"summary_large_image\" \/>\n<meta name=\"twitter:label1\" content=\"Dur\u00e9e de lecture estim\u00e9e\" \/>\n\t<meta name=\"twitter:data1\" content=\"2 minutes\" \/>\n<script type=\"application\/ld+json\" class=\"yoast-schema-graph\">{\"@context\":\"https:\/\/schema.org\",\"@graph\":[{\"@type\":\"WebPage\",\"@id\":\"https:\/\/www.graciededieuavocats.com\/?page_id=3\",\"url\":\"https:\/\/www.graciededieuavocats.com\/?page_id=3\",\"name\":\"Politique de confidentialit\u00e9 - Arcavocats Cabinet Graci\u00e9-Dedieu\",\"isPartOf\":{\"@id\":\"https:\/\/www.graciededieuavocats.com\/#website\"},\"datePublished\":\"2020-10-23T12:45:42+00:00\",\"dateModified\":\"2020-10-29T16:50:29+00:00\",\"breadcrumb\":{\"@id\":\"https:\/\/www.graciededieuavocats.com\/?page_id=3#breadcrumb\"},\"inLanguage\":\"fr-FR\",\"potentialAction\":[{\"@type\":\"ReadAction\",\"target\":[\"https:\/\/www.graciededieuavocats.com\/?page_id=3\"]}]},{\"@type\":\"BreadcrumbList\",\"@id\":\"https:\/\/www.graciededieuavocats.com\/?page_id=3#breadcrumb\",\"itemListElement\":[{\"@type\":\"ListItem\",\"position\":1,\"name\":\"Accueil\",\"item\":\"https:\/\/www.graciededieuavocats.com\/\"},{\"@type\":\"ListItem\",\"position\":2,\"name\":\"Politique de confidentialit\u00e9\"}]},{\"@type\":\"WebSite\",\"@id\":\"https:\/\/www.graciededieuavocats.com\/#website\",\"url\":\"https:\/\/www.graciededieuavocats.com\/\",\"name\":\"Arcavocats Cabinet Graci\u00e9-Dedieu\",\"description\":\"Avocate \u00e0 la cour\",\"potentialAction\":[{\"@type\":\"SearchAction\",\"target\":{\"@type\":\"EntryPoint\",\"urlTemplate\":\"https:\/\/www.graciededieuavocats.com\/?s={search_term_string}\"},\"query-input\":{\"@type\":\"PropertyValueSpecification\",\"valueRequired\":true,\"valueName\":\"search_term_string\"}}],\"inLanguage\":\"fr-FR\"}]}<\/script>\n<!-- \/ Yoast SEO plugin. -->","yoast_head_json":{"title":"Politique de confidentialit\u00e9 - Arcavocats Cabinet Graci\u00e9-Dedieu","robots":{"index":"index","follow":"follow","max-snippet":"max-snippet:-1","max-image-preview":"max-image-preview:large","max-video-preview":"max-video-preview:-1"},"canonical":"https:\/\/www.graciededieuavocats.com\/?page_id=3","og_locale":"fr_FR","og_type":"article","og_title":"Politique de confidentialit\u00e9 - Arcavocats Cabinet Graci\u00e9-Dedieu","og_description":"POLITIQUE DE CONFIDENTIALITE Le Cabinet d\u2019Avocats GRACIE-DEDIEU s\u2019engage \u00e0 respecter vos donn\u00e9es personnelles collect\u00e9es via notre formulaire de contact et les commentaires que vous nous laissez. Utilisation des donn\u00e9es personnelles collect\u00e9es Commentaires Lorsque vous laissez un commentaire sur notre site internet, nous collectons les donn\u00e9es inscrites dans le formulaire de commentaire, mais aussi votre adresse&hellip; Lire la suite","og_url":"https:\/\/www.graciededieuavocats.com\/?page_id=3","og_site_name":"Arcavocats Cabinet Graci\u00e9-Dedieu","article_modified_time":"2020-10-29T16:50:29+00:00","twitter_card":"summary_large_image","twitter_misc":{"Dur\u00e9e de lecture estim\u00e9e":"2 minutes"},"schema":{"@context":"https:\/\/schema.org","@graph":[{"@type":"WebPage","@id":"https:\/\/www.graciededieuavocats.com\/?page_id=3","url":"https:\/\/www.graciededieuavocats.com\/?page_id=3","name":"Politique de confidentialit\u00e9 - Arcavocats Cabinet Graci\u00e9-Dedieu","isPartOf":{"@id":"https:\/\/www.graciededieuavocats.com\/#website"},"datePublished":"2020-10-23T12:45:42+00:00","dateModified":"2020-10-29T16:50:29+00:00","breadcrumb":{"@id":"https:\/\/www.graciededieuavocats.com\/?page_id=3#breadcrumb"},"inLanguage":"fr-FR","potentialAction":[{"@type":"ReadAction","target":["https:\/\/www.graciededieuavocats.com\/?page_id=3"]}]},{"@type":"BreadcrumbList","@id":"https:\/\/www.graciededieuavocats.com\/?page_id=3#breadcrumb","itemListElement":[{"@type":"ListItem","position":1,"name":"Accueil","item":"https:\/\/www.graciededieuavocats.com\/"},{"@type":"ListItem","position":2,"name":"Politique de confidentialit\u00e9"}]},{"@type":"WebSite","@id":"https:\/\/www.graciededieuavocats.com\/#website","url":"https:\/\/www.graciededieuavocats.com\/","name":"Arcavocats Cabinet Graci\u00e9-Dedieu","description":"Avocate \u00e0 la cour","potentialAction":[{"@type":"SearchAction","target":{"@type":"EntryPoint","urlTemplate":"https:\/\/www.graciededieuavocats.com\/?s={search_term_string}"},"query-input":{"@type":"PropertyValueSpecification","valueRequired":true,"valueName":"search_term_string"}}],"inLanguage":"fr-FR"}]}},"_links":{"self":[{"href":"https:\/\/www.graciededieuavocats.com\/index.php?rest_route=\/wp\/v2\/pages\/3","targetHints":{"allow":["GET"]}}],"collection":[{"href":"https:\/\/www.graciededieuavocats.com\/index.php?rest_route=\/wp\/v2\/pages"}],"about":[{"href":"https:\/\/www.graciededieuavocats.com\/index.php?rest_route=\/wp\/v2\/types\/page"}],"author":[{"embeddable":true,"href":"https:\/\/www.graciededieuavocats.com\/index.php?rest_route=\/wp\/v2\/users\/1"}],"replies":[{"embeddable":true,"href":"https:\/\/www.graciededieuavocats.com\/index.php?rest_route=%2Fwp%2Fv2%2Fcomments&post=3"}],"version-history":[{"count":0,"href":"https:\/\/www.graciededieuavocats.com\/index.php?rest_route=\/wp\/v2\/pages\/3\/revisions"}],"wp:attachment":[{"href":"https:\/\/www.graciededieuavocats.com\/index.php?rest_route=%2Fwp%2Fv2%2Fmedia&parent=3"}],"curies":[{"name":"wp","href":"https:\/\/api.w.org\/{rel}","templated":true}]}}